 is the remainder when 62025 is divided by 577?
286
What is the remainder when 78217 is divided by 74?
73
What is the remainder when 14002 is divided by 67?
66
Calculate the remainder when 169267 is divided by 169236.
31
What is the remainder when 376 is divided by 307?
69
Calculate the remainder when 22189 is divided by 35.
34
Calculate the remainder when 16464 is divided by 66.
30
What is the remainder when 9820 is divided by 47?
44
What is the remainder when 735 is divided by 377?
358
Calculate the remainder when 1056 is divided by 720.
336
Calculate the remainder when 204815 is divided by 539.
534
Calculate the remainder when 316876 is divided by 680.
676
What is the remainder when 30318 is divided by 515?
448
Calculate the remainder when 17566 is divided by 288.
286
What is the remainder when 7067 is divided by 1409?
22
What is the remainder when 3146 is divided by 22?
0
What is the remainder when 5952 is divided by 851?
846
What is the remainder when 9490 is divided by 2412?
2254
What is the remainder when 670575 is divided by 35?
10
What is the remainder when 199216 is divided by 39841?
11
Calculate the remainder when 436018 is divided by 99.
22
Calculate the remainder when 245539 is divided by 61365.
79
What is the remainder when 4303 is divided by 245?
138
What is the remainder when 5160272 is divided by 33?
29
What is the remainder when 7482 is divided by 381?
243
Calculate the remainder when 119130 is divided by 17016.
18
What is the remainder when 19667 is divided by 221?
219
What is the remainder when 106493 is divided by 295?
293
Calculate the remainder when 82011 is divided by 21.
6
What is the remainder when 12151 is divided by 64?
55
What is the remainder when 191864 is divided by 311?
288
What is the remainder when 89010 is divided by 44453?
104
Calculate the remainder when 2930 is divided by 1364.
202
What is the remainder when 8328 is divided by 224?
40
Calculate the remainder when 9347 is divided by 132.
107
Calculate the remainder when 11660 is divided by 3872.
44
Calculate the remainder when 75971 is divided by 41.
39
What is the remainder when 118245 is divided by 629?
622
Calculate the remainder when 275769 is divided by 211.
203
What is the remainder when 2294 is divided by 883?
528
Calculate the remainder when 48464 is divided by 449.
421
What is the remainder when 1408 is divided by 274?
38
Calculate the remainder when 100108 is divided by 33027.
1027
Calculate the remainder when 89263 is divided by 63.
55
What is the remainder when 11530 is divided by 217?
29
What is the remainder when 772162 is divided by 386078?
6
Calculate the remainder when 1836 is divided by 6.
0
What is the remainder when 34874 is divided by 405?
44
What is the remainder when 319729 is divided by 62?
57
Calculate the remainder when 518834 is divided by 70.
64
Calculate the remainder when 509117 is divided by 254542.
33
Calculate the remainder when 17987 is divided by 1382.
21
What is the remainder when 762 is divided by 129?
117
Calculate the remainder when 229049 is divided by 24.
17
Calculate the remainder when 35565 is divided by 17781.
3
Calculate the remainder when 13338 is divided by 13190.
148
What is the remainder when 17745 is divided by 8865?
15
What is the remainder when 85149 is divided by 83?
74
What is the remainder when 4162 is divided by 91?
67
Calculate the remainder when 41513 is divided by 1186.
3
What is the remainder when 249 is divided by 4?
1
Calculate the remainder when 420533 is divided by 266.
253
Calculate the remainder when 44577 is divided by 31.
30
Calculate the remainder when 43331 is divided by 46.
45
Calculate the remainder when 4263 is divided by 1001.
259
What is the remainder when 329 is divided by 109?
2
What is the remainder when 421487 is divided by 16211?
1
What is the remainder when 13753 is divided by 1958?
47
Calculate the remainder when 39873 is divided by 1109.
1058
What is the remainder when 46141 is divided by 112?
109
Calculate the remainder when 133837 is divided by 66915.
7
Calculate the remainder when 25423 is divided by 770.
13
Calculate the remainder when 21737 is divided by 2164.
97
Calculate the remainder when 163600 is divided by 18.
16
What is the remainder when 280130 is divided by 185?
40
What is the remainder when 37107 is divided by 65?
57
What is the remainder when 34006 is divided by 1214?
14
Calculate the remainder when 35873 is divided by 75.
23
What is the remainder when 2717 is divided by 894?
35
Calculate the remainder when 1777268 is divided by 10.
8
Calculate the remainder when 590895 is divided by 231.
228
Calculate the remainder when 1814 is divided by 140.
134
What is the remainder when 234722 is divided by 38?
34
Calculate the remainder when 2913 is divided by 40.
33
What is the remainder when 14897 is divided by 2435?
287
What is the remainder when 151929 is divided by 69?
60
Calculate the remainder when 5035 is divided by 57.
19
Calculate the remainder when 1010 is divided by 58.
24
Calculate the remainder when 4399 is divided by 4376.
23
What is the remainder when 3630 is divided by 280?
270
Calculate the remainder when 15641 is divided by 4392.
2465
Calculate the remainder when 63213 is divided by 3.
0
Calculate the remainder when 35307 is divided by 5.
2
Calculate the remainder when 7779 is divided by 19.
8
What is the remainder when 74187 is divided by 342?
315
Calculate the remainder when 2190 is divided by 409.
145
Calculate the remainder when 5771 is divided by 298.
109
Calculate the remainder when 1602 is divided by 914.
688
What is the remainder when 7305 is divided by 48?
9
Calculate the remainder when 11570 is divided by 71.
68
What is the remainder when 20522 is divided by 721?
334
Calculate the remainder when 29402 is divided by 316.
14
What is the remainder when 32278 is divided by 16046?
186
Calculate the remainder when 3794 is divided by 4.
2
Calculate the remainder when 13529 is divided by 13486.
43
Calculate the remainder when 652 is divided by 293.
66
What is the remainder when 316 is divided by 3?
1
What is the remainder when 4798269 is divided by 439?
438
What is the remainder when 12925 is divided by 59?
4
Calculate the remainder when 78573 is divided by 44.
33
What is the remainder when 104901 is divided by 20?
1
Calculate the remainder when 9775 is divided by 1952.
15
What is the remainder when 105762 is divided by 5871?
84
What is the remainder when 554493 is divided by 102?
21
Calculate the remainder when 107067 is divided by 35689.
0
What is the remainder when 427653 is divided by 132?
105
Calculate the remainder when 1171320 is divided by 401.
400
What is the remainder when 58108 is divided by 6?
4
Calculate the remainder when 59300 is divided by 29630.
40
What is the remainder when 2876 is divided by 970?
936
What is the remainder when 3709194 is divided by 17?
15
What is the remainder when 565257 is divided by 98?
91
Calculate the remainder when 17409 is divided by 5309.
1482
What is the remainder when 991 is divided by 197?
6
What is the remainder when 20263 is divided by 10131?
1
What is the remainder when 103660 is divided by 103659?
1
What is the remainder when 35865 is divided by 2737?
284
Calculate the remainder when 10648 is divided by 5282.
84
Calculate the remainder when 41277 is divided by 20612.
53
What is the remainder when 8376 is divided by 39?
30
What is the remainder when 3555527 is divided by 21?
17
What is the remainder when 3977 is divided by 81?
8
Calculate the remainder when 689327 is divided by 98.
93
What is the remainder when 92619 is divided by 2374?
33
What is the remainder when 239804 is divided by 210?
194
Calculate the remainder when 200031 is divided by 178.
137
What is the remainder when 2284 is divided by 9?
7
Calculate the remainder when 24288 is divided by 2421.
78
What is the remainder when 23796 is divided by 999?
819
What is the remainder when 4076 is divided by 120?
116
Calculate the remainder when 27850 is divided by 34.
4
Calculate the remainder when 120866 is divided by 164.
162
Calculate the remainder when 129512 is divided by 14.
12
What is the remainder when 40692 is divided by 4068?
12
Calculate the remainder when 469 is divided by 19.
13
Calculate the remainder when 37247 is divided by 15